 p be s(-22). Let k(i) = i - 7. Calculate k(p).
-2
Let v(t) be the first derivative of t**3/3 + 5*t**2/2 - 22*t - 11. Let m be (-2)/(-2)*(-7 + -1). Let g be v(m). Let s(l) = -7*l + 2. Calculate s(g).
-12
Let p(d) = d**3 - 28*d**2 - 24*d - 57. Let h be p(29). Let m(n) = -n**3 + 4 - 1 - 6*n + h*n**2 - 96*n**2 + 2. Give m(-7).
-2
Suppose 184 = -4*v + 204. Suppose -4*b = -v*t - 140, 0 = 2*t - 4*t + 4*b - 68. Let i be 51/12 + (-6)/t*-1. Let f(h) = h**3 - 3*h**2 - 2*h + 2. Determine f(i).
10
Let g(r) = -25053 - 25054 + 50112 + 4*r. Let a be 1/(-6) - (-70)/(-12). Give g(a).
-19
Let q(p) = -4*p - 18. Let t be q(-5). Suppose -2*b + 23 = 15. Let w(h) = 5*h**3 - 2*h + 1 + 2 - h**2 - b*h**3. Determine w(t).
3
Suppose 7*q = 12*q. Suppose 5*d + 20 = 4*d + 4*v, -4*d - v + 5 = q. Suppose 74*l - 69*l = d. Let t(k) = k**3 - k**2 + k - 4. What is t(l)?
-4
Let r(p) be the third derivative of 56*p**2 + 0 + 0*p**3 + 0*p + 1/6*p**4 + 1/60*p**5. What is r(-5)?
5
Let v be (60/35)/(4/14). Let q = -108 + 129. Let u(y) = -10*y**2 - 4*y - 7. Let j(z) = 3*z**2 + z + 2. Let x(h) = q*j(h) + v*u(h). Calculate x(2).
6
Let z(t) = 3*t**2 + 4*t - 1. Let r = -54 - -54. Let q be (-3 + r)*((-1)/3 - 1). Suppose q*b = 6*b + 6. What is z(b)?
14
Let w(k) = 31*k - 15. Let v(s) = 126*s - 61. Let d(l) = -2*v(l) + 9*w(l). Determine d(1).
14
Let u be 1/((-15)/(150/10)). Let j(p) = 4*p + 14. What is j(u)?
10
Let f(b) = 88*b + 132. Let o(u) = -9*u - 14. Let w(c) = 5*f(c) + 48*o(c). Calculate w(-5).
-52
Let p(t) = t**3 - t**2 - 4*t - 3. Suppose 0 = 103*j - 106*j - 1350. Let q = -452 - j. Calculate p(q).
-7
Let r(m) = 3*m - 32. Let n = 2689 - 2679. Determine r(n).
-2
Let t = -38 + 38. Suppose t = 3*l + 15, 2*l = 4*p + 3*l + 1. Let w(y) = -315*y**2 - 1 - 308*y**2 + 620*y**2. What is w(p)?
-4
Let q(i) be the first derivative of -i**3/3 + 19*i**2 - 213*i - 816. Give q(31).
4
Let j(f) = 11*f**2 + 2*f + 6. Let r be j(-5). Let w(i) = 8 - r*i + 263*i - i**3 + 45*i**2 - 35*i**2. Calculate w(9).
17
Let v(s) = s**3 + 10*s**2 + 4*s + 28. Let d(a) = -a**3 - 11*a**2 - 4*a - 30. Let c(j) = 2*d(j) + 3*v(j). Calculate c(-8).
-8
Suppose 8*i - 6 = 3*i - h, i = 3*h + 14. Let y(k) = -k + k**3 + 6*k + 44 + 6*k - 13*k**i - 47. Give y(12).
-15
Let w be 10/(-40) - 81/12. Let m(p) = p**3 + 5*p**2 - 13*p - 10. Determine m(w).
-17
Let y(w) = -w**3 + 6*w**2 - 7*w + 6. Let n be (21/(-14)*2)/(3/(-2)). Let o be n + -4 + (-24)/(-4). Calculate y(o).
10
Let o(t) = 20*t + 35. Let k(j) = 46*j + 79. Let x(b) = -4*k(b) + 9*o(b). Suppose -3*y + 35 = -5*c, 5*y + 51 = -3*c - 4. Calculate x(c).
39
Suppose -14*h - 126 = -21*h. Suppose -2*t + 8 = h. Let f(p) = -8*p + 1. Let s(a) = -a. Let l(u) = f(u) - 6*s(u). What is l(t)?
11
Let u(m) = 220 - 35 - 133*m + 21 + 120*m + 7. Give u(17).
-8
Let p be (-16)/72 - 1550/(-90). Let k(g) = -5*g + 61. What is k(p)?
-24
Let k(m) = -40*m**2 - 601*m - 17. Let p be k(-15). Let q(f) = 3*f**2 + 3*f - 1. What is q(p)?
5
Suppose 0 = 7*x - 7 - 28. Let l(f) = -f**2 + f + 2. Let c(d) = d - 1. Let y(b) = x*c(b) + l(b). Let z(w) be the first derivative of y(w). Determine z(5).
-4
Suppose -787*y - 3695 = 1027. Let f(i) = -2*i - 4*i**2 - i**3 + 0*i**3 - 4*i + 7 - 4*i**2. Give f(y).
-29
Let d(n) = -605*n + 2. Let v(o) = -2721*o + 8. Let z(m) = 9*d(m) - 2*v(m). Suppose 4*t = -3 + 11. Determine z(t).
-4
Let s be (1 + -2)*(10 + 1). Let i = s + 6. Let k(f) = -5*f**3 - 1134*f**2 + 2278*f**2 - 2*f**3 + 2*f**3 - 4 + 6*f**3 - f - 1139*f**2. What is k(i)?
1
Let q = 445 + -434. Let j(v) = -9*v**3 - 14*v**2 + 24*v - 16. Let d(n) = -5*n**3 - 7*n**2 + 13*n - 8. Let m(p) = q*d(p) - 6*j(p). Calculate m(7).
1
Let r(u) = u**3 + 15*u**2 - 14*u**2 + 0*u + 3*u**2 + 4 + 2*u. Let j(h) = 3*h - 25. Let g be j(9). Let v(n) = n - 5. Let i be v(g). Determine r(i).
7
Let o = 2 - 11. Let t = 6 + o. Let u be (-3 + (t - -6))/1. Let n(l) = -l**3 - l**2 + l - 9. Calculate n(u).
-9
Let x(q) be the second derivative of -q**3/6 + 10*q**2 + 511*q. Give x(-9).
29
Suppose 4*t = l + 25 - 156, -5*l - 5 = 0. Let n = t - -37. Suppose 2*h = -3*v - 14, -6 - n = 5*v. Let k(a) = a - 1. Give k(h).
-5
Let p be (8/(-6))/(2/(-3)). Let j(o) = o**3 - 6*o**p + 29 - 29 + 4*o. Let g = 27 + -23. What is j(g)?
-16
Let f(o) = -o**2 + 4*o - 2. Let k be 23/7 - (-4)/(-14). Let b be ((8 + -3)*3)/(-3 - 24/(-4)). Suppose -6 = 2*w - b*w, -k*w + 36 = 5*t. Determine f(t).
-14
Let v(f) = 3*f**3 - 46*f**2 + 18*f - 1. Let p(y) = -576*y + 2895. Let u be p(5). Give v(u).
44
Let z(v) = -31*v**3 - 17*v**2 - 26*v - 28. Let b(m) = 3*m**3 + m**2 + m. Let k(a) = 10*b(a) + z(a). What is k(-5)?
2
Let n(g) = 197*g - 97*g + 4 - 103*g. What is n(2)?
-2
Suppose 19 = u + 2*u - 5*w, 2*u = 5*w + 6. Suppose -j + 5*x = j + u, -3*j = x - 6. Let d(y) = -17*y**2 - 1. Determine d(j).
-18
Suppose -2*n + 6 + 14 = 0. Let b(u) = u - 5. Let m be b(n). Let g(w) = -4*w + 0*w - 1175*w**2 + 1176*w**2 - 2. Calculate g(m).
3
Suppose -4*k = -2*k - 44. Suppose b - 31 + k = 0. Suppose w - b + 7 = 0. Let y(i) = 2*i - 3. What is y(w)?
1
Let p(l) = 2*l**3 + 2*l**2 - 3*l - 3. Let y be 93*(-2 - (4 + -7)). Let x = -145 + y. Let n = x + 50. Give p(n).
-5
Let f = 38 + -69. Let b = f - -31. Suppose -6*y = 42 - b. Let n(q) = q**2 + 8*q + 7. What is n(y)?
0
Let s(u) be the third derivative of -u**5/60 - u**4/8 - u**3/3 - 2*u**2. Let n = 20 - 17. Let r(v) = -v**3 + 3*v**2 - 3. Let k be r(n). Determine s(k).
-2
Let q(s) = -3*s**3 + 41*s**2 + 38*s + 70. Let t(a) = -a**3 + 14*a**2 + 13*a + 23. Let d(u) = 6*q(u) - 17*t(u). Give d(9).
11
Let j(i) = -i + 2 - 1 - 4*i**2 + 1 - 1. Let r(w) = -4*w - 2. Let v be r(-1). Suppose 6*z - 4*z - v = 0. Calculate j(z).
-4
Let z(s) = -7*s + 3*s + 660 - 616 + 3*s + 15*s. Give z(-4).
-12
Let r(c) = -2*c**3 + 17*c**2 - 10*c + 10. Let k(f) = -f**2 - 28*f + 1108. Let q be k(22). Give r(q).
-6
Let j = -2988 - -2985. Let s(d) = -d**3 + 4*d**2 + 19*d + 6. What is s(j)?
12
Let p(k) = 3*k + 7*k + 7 - 8*k**2 - 5*k + k**3. Suppose -5*y = 3*a - 47, 3*y = -3*a + 5*y + 61. Suppose -119 = 2*g - a*g. What is p(g)?
-7
Let j(x) be the second derivative of -3*x**3 - x**2/2 - x. Let v = 1435 - 1436. Determine j(v).
17
Suppose -92 = -9*d - 14*d. Let k(m) = -54 - 5*m**2 - 3*m**3 - 3*m + 58 + d*m**3. Give k(5).
-11
Let w(y) = -2*y - 5*y + 0 - 5 - y**2. Let x(r) = -12*r + 84. Let q be x(6). Suppose 3*t = -q, -35*t = 3*o - 31*t + 31. Give w(o).
5
Let d(f) be the third derivative of 1/2*f**3 + 1/60*f**5 + 0 - 50*f**2 + 1/12*f**4 + 0*f. Let p(t) = -t**3 - 7*t**2 - 7*t - 9. Let n be p(-6). Give d(n).
6
Let v = -1180 - -1175. Let i(s) = -s - 4. Let b(h) = 6*h + 21. Let f(t) = -2*b(t) - 11*i(t). Give f(v).
7
Let a(t) = 6*t - 21 - t - 9 - 8*t. Let m(y) = -2*y - 20. Let q(c) = 5*a(c) - 7*m(c). What is q(-13)?
3
Let y(l) = 22*l**2 + 3*l + 2. Suppose 66 = -z + 3*j + 80, -z - 5*j - 26 = 0. Give y(z).
21
Let q(r) = r**3 + 12*r**2 + 13*r + 29. Let n be (33/(-9))/((-2)/18*120/(-40)). Give q(n).
7
Let j = 25 - 21. Suppose 12 = -4*g - 0, 3*o - 15 = j*g. Suppose -o = -4*n + 3*n. Let a(u) = -3*u. What is a(n)?
-3
Let s(x) = -x**2 + 2*x + 2. Let m be s(2). Let b(o) = -39*o**3 + 16*o**3 - 3*o + 24*o**3 - 4 - 2*o**m. Let p be ((-5)/(-25))/((-7)/(-105)). What is b(p)?
-4
Let u(g) = -6 - 649*g - 641*g + 1267*g + 27. Give u(6).
-117
Let c(r) = r**2 - 8*r + 12. Suppose 4*h = -4*f + f + 607, 5*h + f - 756 = 0. Let g = h - 143. Determine c(g).
12
Suppose 61*f - 660 = 15*f - 20*f. Let g(b) = -b - 28. What is g(f)?
-38
Let t = -5 - -11. Let f(b) = 6 - 4*b - b + t*b. Let m = 148 - 151. What is f(m)?
3
Let m(z) = -z**3 + 5*z**2 - 10. Suppose -9*c - 23 = 103. Let v be 21*(-11)/(-539) - 64/c. What is m(v)?
-10
Let i(t) = -t**3 - 19*t**2 - 71*t + 5. Let x be i(-5). Suppose 19 = -d - 5*v, -d + 11 = x*v - 11*v. Let s(h) = h**3 - 6*h**2 + 4*h + 1. Give s(d).
25
Let g(n) be the first derivative of -n**2 + 7*n + 18. Suppose 62*m - 77*m = -45. What is g(m)?
1
Let s(o) = o**3 - 3*o**2 - 9*o - 13. Let v(c) = 53*c - 154. Let r be v(3). Give s(r).
-8
Let m = 8214 - 8301. Let p(x) = -6*x**2 + 5. Let h be p(-4). Let i = h - m. Let o(s) = -2*s**2 - 7*s - 4. Give o(i).
-8
Let c(o) = -20*o - 10. Let m(u) = 2*u + 396 + 390 - 785. Let r(l) = c(l) + 8*m(l). Determine r(6).
-26
Let c(l) = -4*l + 2. Let u(d) = 32*d - 425. Let a be u(13). Calculate c(a).
38
Let p(q) = -q - 25.